{"id":7,"date":"2020-06-19T08:38:14","date_gmt":"2020-06-19T08:38:14","guid":{"rendered":"http:\/\/kmconsult.ee\/?page_id=7"},"modified":"2020-06-19T10:23:29","modified_gmt":"2020-06-19T10:23:29","slug":"tutvustus","status":"publish","type":"page","link":"https:\/\/kmconsult.ee\/?page_id=7","title":{"rendered":"TEENUSED"},"content":{"rendered":"\n<p><strong>KONSULTATSIOON<\/strong><\/p>\n\n\n\n<p>Meie p\u00f5hitegevuseks on kemikaalide riskijuhtimismeetmete ning REACH n\u00f5uete rakendamise alane konsultatsioon ettev\u00f5tetele.&nbsp;<\/p>\n\n\n\n<ul class=\"wp-block-list\"><li>Kemikaalide klassifitseerimine ning m\u00e4rgistamine<\/li><li>Ohutuskaartide koostamine ning t\u00f5lkimine<\/li><li>Kemikaalide registreerimine REACH raames<\/li><li>Muud toimingud kemikaalidega REACH raames, nt arendus- ja j\u00e4relep\u00e4ringutoimikute koostamine jms<\/li><li>Olukorra hindamine kemikaalide poliitika REACH suhtes<\/li><li>Ettev\u00f5tte nimel REACH konsortsiumites ja SIEFites osalemine<\/li><li>Kemikaalide inventuuri l\u00e4biviimise korraldamine ettev\u00f5ttes<\/li><\/ul>\n\n\n\n<p>Meie hinnapoliitika antud valdkonnas on tunnihinna v\u00f5i kokkuleppehinna p\u00f5hine.<\/p>\n\n\n\n<p><strong>KOOLITUS<\/strong><\/p>\n\n\n\n<p>Korraldame kemikaaliohutuse koolitusi ettev\u00f5tetes kohapeal.<\/p>\n\n\n\n<ul class=\"wp-block-list\"><li>Kemikaalide ohtlikkus<\/li><li>Ohutuskaardid<\/li><li>Euroopa kemikaalipoliitika REACH n\u00f5uded ja selle rakendamine<\/li><li>Kemikaalide alane seadusandlus<\/li><li>Kemikaalide klassifitseerimine ja m\u00e4rgistamine<\/li><li>Kemikaaliriskijuhtimise vahendid (kemikaalide register, kemikaalide hoiustamine jne)<\/li><\/ul>\n\n\n\n<p>Koolituse pikkus ja sisu kokkuleppel ettev\u00f5tte vajadustega.&nbsp;<\/p>\n\n\n\n<p>Meie eksperdid on korraldanud keskkonnajuhtimise \u2013 kemikaaliohutuse &#8211; poliitika alaseid koolitusi ettev\u00f5tetele ning kolmanda sektori organisatsioonidele. Meie konsultandid on kirjutanud artikleid ajalehtedesse kemikaalipoliitikast REACH, kemikaalide ohutusest igap\u00e4evaelus ning koostanud mitmeid praktilisi k\u00e4siraamatuid ning juhendeid ettev\u00f5tetele (nt. REACHi tutvustav publikatsioon, keskkonnavahendite k\u00e4siraamat metalli-\/tr\u00fcki-\/m\u00f6\u00f6blit\u00f6\u00f6stusettev\u00f5tetele, jne).<\/p>\n\n\n\n<p><strong>T\u00d5LKETEENUS<\/strong><\/p>\n\n\n\n<p>Pakume kemikaaliohutuse alast t\u00f5lket\u00f6\u00f6d eest-inglise-vene keeles.<\/p>\n\n\n\n<p>Samuti pakume kvaliteetset kemikaalide ohutuskaartide t\u00f5lget eesti-vene-inglise keeles.<\/p>\n","protected":false},"excerpt":{"rendered":"<p>KONSULTATSIOON Meie p\u00f5hitegevuseks on kemikaalide riskijuhtimismeetmete ning REACH n\u00f5uete rakendamise alane konsultatsioon ettev\u00f5tetele.&nbsp; Kemikaalide klassifitseerimine ning m\u00e4rgistamine Ohutuskaartide koostamine ning t\u00f5lkimine Kemikaalide registreerimine REACH raames Muud toimingud kemikaalidega REACH raames, nt arendus- ja j\u00e4relep\u00e4ringutoimikute koostamine jms Olukorra hindamine kemikaalide poliitika REACH suhtes Ettev\u00f5tte nimel REACH konsortsiumites ja SIEFites osalemine Kemikaalide inventuuri l\u00e4biviimise korraldamine ettev\u00f5ttes Meie [&hellip;]<\/p>\n","protected":false},"author":1,"featured_media":0,"parent":0,"menu_order":0,"comment_status":"closed","ping_status":"closed","template":"","meta":{"footnotes":""},"class_list":["post-7","page","type-page","status-publish","hentry"],"_links":{"self":[{"href":"https:\/\/kmconsult.ee\/index.php?rest_route=\/wp\/v2\/pages\/7","targetHints":{"allow":["GET"]}}],"collection":[{"href":"https:\/\/kmconsult.ee\/index.php?rest_route=\/wp\/v2\/pages"}],"about":[{"href":"https:\/\/kmconsult.ee\/index.php?rest_route=\/wp\/v2\/types\/page"}],"author":[{"embeddable":true,"href":"https:\/\/kmconsult.ee\/index.php?rest_route=\/wp\/v2\/users\/1"}],"replies":[{"embeddable":true,"href":"https:\/\/kmconsult.ee\/index.php?rest_route=%2Fwp%2Fv2%2Fcomments&post=7"}],"version-history":[{"count":5,"href":"https:\/\/kmconsult.ee\/index.php?rest_route=\/wp\/v2\/pages\/7\/revisions"}],"predecessor-version":[{"id":89,"href":"https:\/\/kmconsult.ee\/index.php?rest_route=\/wp\/v2\/pages\/7\/revisions\/89"}],"wp:attachment":[{"href":"https:\/\/kmconsult.ee\/index.php?rest_route=%2Fwp%2Fv2%2Fmedia&parent=7"}],"curies":[{"name":"wp","href":"https:\/\/api.w.org\/{rel}","templated":true}]}}